divisor of v and l.
14
Let n be -10*(5 - (10 - (5 - 1))). What is the highest common factor of 6 and n?
2
Let o = -4 - -7. Suppose 12*l - 17 = 19. Suppose l*y + 3*h + 6 = 0, 2*y + 10 = o*h + 31. Calculate the greatest common factor of 2 and y.
1
Let v be (-8 + 4 - -3)/(-1)*98. Suppose 4*n - 135 = -5*y + 37, 0 = -3*y - 5*n + v. What is the highest common factor of y and 4?
4
Suppose 0 = -4*h + 64 + 16. Let d be 7 - 6/(3 - 1). Suppose 0*g - d*g + 196 = l, -3*g + 4*l + 166 = 0. Calculate the greatest common divisor of h and g.
10
Let g(o) = -9*o - 83. Let a be g(-15). What is the greatest common factor of a and 923?
13
Suppose 0 = 21*r - 14*r - 693. Let c(o) = o + 9. Let w = -5 - -5. Let k be c(w). What is the greatest common factor of k and r?
9
Let u = 280 + -260. Calculate the highest common factor of 380 and u.
20
Let f(w) = 8*w**2 - 29*w - 178. Let g be f(-9). Calculate the highest common factor of 172 and g.
43
Let t = 33 + -24. Suppose -2*f - t = -h - 0*h, 6 = -2*h. Let w be 1*(-10)/f*3. Calculate the greatest common divisor of w and 25.
5
Let o(d) = d**3 - 15*d**2 - 28*d - 59. Let h be o(17). Calculate the greatest common factor of h and 946.
43
Let r = 232 + -130. Let y = -5 + -19. Let s be (-8)/y + 203/3. What is the greatest common factor of s and r?
34
Let o be (1 - (-2)/1) + 15. Let m be (o/(-8))/(6/(-64)). Calculate the highest common factor of 8 and m.
8
Suppose -4*v + 3*x = 4*x - 48, 4*x - 38 = -2*v. Let f = -9 + v. Suppose -2*u = -a - 88, -u + 54 - 4 = -f*a. What is the highest common factor of u and 6?
6
Let o = -427 - -595. Calculate the highest common divisor of 21 and o.
21
Suppose 0 = -8*a + 30*a - 2112. What is the greatest common divisor of 36 and a?
12
Let k = -66 - -96. Let y be ((-24)/k)/((-3)/240). What is the greatest common divisor of y and 48?
16
Let m(k) = -9*k - 12. Let c be m(-3). Let u be c*((-48)/9)/(-4). What is the highest common divisor of u and 80?
20
Suppose 2*w + 65 = -5*b + 202, 5*b - 140 = -5*w. Suppose -h + 28 + 26 = 0. What is the greatest common divisor of b and h?
27
Let i = -29 + 21. Let b(m) = 5*m**3 - 10*m - 6 - 4*m**3 + 24*m**2 - 16*m**2 - 2. Let q be b(i). What is the highest common factor of q and 8?
8
Let v(w) = -7*w**3 - 16*w**2 - 45*w + 10. Let z be v(-5). What is the highest common divisor of 80 and z?
10
Let t = -2527 - -2696. Suppose 5 + 21 = 2*f. Calculate the greatest common factor of t and f.
13
Let y(m) = m**2 + 22*m - 13. Let h be y(-23). Let s be ((-1160)/22)/(-4) + h/(-55). What is the greatest common factor of 13 and s?
13
Suppose -2*z + 65 = -3*o, o - 4*z + 41 = 6. Let q = o - -28. What is the greatest common factor of 99 and q?
9
Let u = -58 + 54. Let a(p) = 4*p**2 - 7*p - 15. Let d be a(u). Suppose -5*w - 2*m + 45 = -0*w, 4*m - 35 = -5*w. Calculate the highest common divisor of w and d.
11
Let f(t) be the first derivative of 5 + 1/2*t**2 - 2*t. Let v be f(9). Calculate the highest common divisor of 49 and v.
7
Suppose -3*z - 2292 = -5*n, -7*n - 4*z - 914 = -9*n. Calculate the greatest common factor of 54 and n.
27
Let u be 27/(-12)*(-2520)/27. Let s = 0 - -4. Suppose -u = -5*g + s*q, -4*g - q + 189 = -0*q. Calculate the highest common factor of g and 69.
23
Let o(p) = -p**3 - 3*p**2 + 7*p + 5. Let s be o(-5). Let z(g) = g**3 - 42*g**2 + 79*g + 45. Let h be z(40). Calculate the highest common factor of h and s.
5
Let m be -10 - (9 - 15) - -21*2. What is the greatest common divisor of m and 38?
38
Suppose -3*x = 5*c - 341, 2*c - 108 - 32 = -3*x. Calculate the highest common divisor of c and 469.
67
Suppose -3*v = -4 - 20. Suppose 4*y - v = 0, y = u - 0 - 13. Suppose 3*l - 2*l - 60 = 0. What is the highest common divisor of u and l?
15
Let i be -1 - (-5)/7 - 5516/(-98). Suppose -7*l + 117 = 5. Calculate the greatest common divisor of i and l.
8
Let h = 1991 - 1547. Calculate the highest common factor of 84 and h.
12
Let b = 18 + -10. Let n = b - 5. Let m(t) = -t**2 - 13*t - 11. Let w be m(-12). What is the greatest common factor of n and w?
1
Suppose -2*q + 5*q - 2*j = 1718, -4*j - 4 = 0. Let m be q/6 + (-16)/(-24). What is the greatest common divisor of 12 and m?
12
Let k be 0 + 28 + -4 + 2. Suppose -134 = -2*c - 3*m, -4*c - 3*m = -6*m - 250. Let o = c + -25. Calculate the highest common divisor of o and k.
13
Suppose -b + 12 = 4. Suppose -3*o + 4*x = 107 + 25, -5*x = 2*o + 111. Let d = o - -56. What is the highest common divisor of d and b?
8
Let d = 14 - 11. Suppose -d*f + r + 237 = 4*r, -4*f + 4*r + 340 = 0. What is the greatest common factor of f and 205?
41
Let d be (-12796)/(-49) + 2/(28/(-2)). Suppose 5*i - d = -41. What is the highest common divisor of 4 and i?
4
Suppose 0 = -5*o - 4*r + 1400, 5*o + r - 1455 = -70. What is the greatest common divisor of 69 and o?
69
Suppose -2*k + 7*k = 625. Suppose -3*f + s = 20, -24 = 3*f + f - 2*s. Let c be k/2 + (-4)/f. What is the highest common divisor of 7 and c?
7
Let y = 603 + -414. Calculate the greatest common factor of 27 and y.
27
Let s be 4*(10/8)/(1/16). What is the highest common factor of s and 140?
20
Let p(c) = 3*c + 8. Let o be p(-6). Let m be 1*-49 + (-7 - o). Let i = m - -69. What is the highest common factor of i and 184?
23
Suppose -32120 = -71*y + 22195. Calculate the highest common divisor of 90 and y.
45
Suppose 3*y - 4 - 2 = 0. Let a(n) = -n**3 + 4*n**2 - 2*n + 3. Let r be a(y). What is the greatest common factor of r and 1?
1
Let d(p) = 4*p + 43. Let l be d(-11). Let q be -1*l*(14 - (3 + -1)). What is the greatest common factor of q and 108?
12
Suppose 0 = -5*o - 5*q + 1025, 0 - 1 = -q. Let k be (5/(-6)*4)/((-4)/o). Calculate the highest common factor of 34 and k.
34
Let q = 1326 - 1277. Calculate the highest common divisor of q and 28.
7
Suppose 6*m - 3*m - 15 = 0. Let z(d) = 2 - 5 + 7 + 4*d + d**3 - d**2 - m. Let b be z(2). Calculate the greatest common factor of 121 and b.
11
Suppose 3*k - 130 = -2*k. Let b = 46 - k. What is the greatest common factor of 100 and b?
20
Let t = 127 - -283. Calculate the greatest common divisor of t and 10.
10
Let c = -73 - -70. Let g be c/(-3 + 360/124). What is the highest common divisor of 31 and g?
31
Let y(i) = i**3 + 13*i**2 + 10*i + 1. Let x be -9*12/(-27)*-3. Let u be y(x). Calculate the greatest common divisor of u and 75.
25
Let b = 4278 - 2416. What is the greatest common factor of b and 38?
38
Let h(u) = -u + 10. Let s be h(7). Let l be s/(-7) - -66*(-20)/(-42). What is the greatest common divisor of 124 and l?
31
Let g be 2/6 - (-1550)/30. Suppose -5*c - 2*v = -3*v - 140, -c + g = -5*v. What is the greatest common factor of 243 and c?
27
Let j = -16 + 8. Let t be 2/j + (-21)/(-4). Suppose -31*f = 25*f - 84*f + 700. Calculate the highest common factor of t and f.
5
Suppose -3*y = -2*r - 0*y + 4103, -3*y = -3*r + 6147. Let d be r/20 - (-2)/(-10). What is the greatest common divisor of d and 6?
6
Let t = 1765 + -753. What is the highest common divisor of 46 and t?
46
Suppose -i - 19 = 13. Let z = -27 - i. Suppose z*w = -0 + 15. Calculate the highest common divisor of 27 and w.
3
Let g be 3/((72/(-33))/(-8)). What is the highest common divisor of g and 11?
11
Let s(f) = -4*f - 39. Let a be s(-12). Let b = 67 - -32. Calculate the highest common factor of a and b.
9
Let x(a) = 9*a + 15 - 21*a + 10*a. Let p be x(5). Suppose 24 = p*d - 16. What is the highest common divisor of d and 32?
8
Let x(k) = 2*k - 3. Let g(i) = i - 2. Let v(n) = -5*g(n) + 3*x(n). Let f be v(13). Calculate the highest common divisor of f and 70.
14
Suppose 350 = -394*f + 399*f. Let a be (-4)/(-6) - 50/(-6). Let m = 19 - a. What is the highest common divisor of m and f?
10
Suppose 5*m - 5*c = 350, 2*c = -2*m - 0*c + 124. Let b = m + -24. Suppose 20 + 10 = 5*d. What is the highest common factor of b and d?
6
Let y(b) = -b**2 - 14*b + 19. Let a be y(-15). Suppose 3*z = -0*s + a*s + 64, -2*s = 4*z - 100. What is the highest common divisor of z and 16?
8
Suppose -2*p - i + 2289 = p, -4*i + 3060 = 4*p. Calculate the greatest common divisor of 6 and p.
6
Let j(b) = b**2 - 2*b - 10. Let n be j(5). Suppose -m = -5*z - 5*m + 155, 0 = 3*z + 4*m - 85. What is the greatest common divisor of n and z?
5
Let b be (-2)/(-7) - 628/(-7). Suppose -30*t + 25*t = -b. Calculate the greatest common divisor of t and 